the units digit of (-30)/(-6) + 0 + v?
6
Suppose -7*r = -4*r - 5*b - 8781, 0 = -b. What is the tens digit of r?
2
Let l = -2875 - -4163. What is the hundreds digit of l?
2
Let i = -17 + 19. Let j(s) = 4*s - 5*s**2 - 5 + 0*s**i + 13*s**2. What is the tens digit of j(2)?
3
Let q(o) be the third derivative of 3/8*o**4 + 5*o**2 + 0*o + 0 + 2/3*o**3. What is the units digit of q(3)?
1
Let m = 8308 + -5075. What is the tens digit of m?
3
Let w(n) = n**3 - 17*n**2 + 18*n - 14. Let m be w(16). Suppose -13*p = -m*p + 195. Let s = p - 35. What is the units digit of s?
4
Let y = -115 - -212. Suppose 3*x = -5*j + 595, y = -0*j + j + 5*x. What is the units digit of j?
2
Let w = 9524 + -6547. What is the thousands digit of w?
2
Let j(k) = k + 1. Let p be j(0). Suppose 400 = 4*s - r, -s = s + 5*r - 178. Suppose -5 = -4*q - p, 5*m - q = s. What is the units digit of m?
0
Let s = 1101 + -469. What is the tens digit of s?
3
Suppose -3*z + 126 = -0*z. Suppose -4*j = -2*j - z. Suppose 2*i + 5*h = -i + 10, 4*h - j = -5*i. What is the units digit of i?
5
Let t(y) = -2*y**2 - 5*y + 17. Let u be t(7). What is the tens digit of u*(3 - 1 - 4)?
3
Suppose -z - 5*c - 19 = -7, 3*c = 0. Let n = z - -24. What is the tens digit of n?
1
Let r(j) = 41*j - 264. What is the hundreds digit of r(12)?
2
Let z(d) = 63*d - 84. What is the hundreds digit of z(6)?
2
Let o(u) = 2*u + 14. Let d be o(-7). Suppose 2*j + 3*j - 285 = d. What is the tens digit of j?
5
Suppose -2*l = -20 + 18. What is the hundreds digit of -7 + 8 + (l/1 - -135)?
1
Let w = 22 - 12. Let u be (4/(-10))/((-2)/w). Suppose -2*i = x - 86, -4*i + 2*x + u*x + 160 = 0. What is the units digit of i?
2
What is the thousands digit of ((-122298)/12)/(-17)*(1 - -1)?
1
Suppose -3*a - 20 + 11 = 0. What is the units digit of (-1 - -2)/(a/(-156))?
2
Let k(w) = -22*w**3 - 4*w**2 - 8*w - 10. What is the units digit of k(-2)?
6
Suppose 0*r + 32 = -r. Let b = 12 - r. What is the tens digit of b?
4
Suppose -128*f + 43*f = -278375. What is the hundreds digit of f?
2
Let c be (0 - 0)/((-2)/8*-4). Suppose o - 156 = -r, -2*o - 8 = -c*o. What is the tens digit of r?
6
Suppose -4*t - 244 - 348 = -x, 3*x - 5*t = 1762. Let q = x - 403. What is the hundreds digit of q?
1
Let x be -3 - (-3 - (3 - 3)). Suppose q + 67 = 2*m, 5*m = -x*m - 3*q + 173. What is the units digit of (m/4)/(1/2)?
7
Let s(q) = 12*q**2 - 1. Let c be s(-3). Suppose -2*m + u = -1 - c, -u = 2. What is the tens digit of m?
5
Let f = -806 - -2599. What is the thousands digit of f?
1
Suppose -2*s + 0 + 4 = 0. Suppose l - 2*p - 4 = 0, 3*l + 4*p + s = 2*l. What is the tens digit of (-114 - -4)/(-2) - l?
5
Suppose 0 = -2*m - 20 - 20. Let h = 55 - -4. Let x = m + h. What is the units digit of x?
9
Let l(s) = -689*s**3 + s**2 - s - 2. What is the hundreds digit of l(-1)?
6
Suppose -4*q = -3*s + 944, 6*q + 1145 = q - 5*s. Let v = -107 - q. What is the tens digit of v?
2
Let m(n) = -308*n**3 + 12*n**2 + 27*n + 12. What is the hundreds digit of m(-2)?
4
Suppose -12 = 4*n, -n = -4*x - 0*n + 147. What is the units digit of (-27)/x*488/(-2)?
3
Suppose -305 = -10*j + 815. Let a = 105 + j. What is the units digit of a?
7
What is the units digit of -2 - -580 - (1 - 5)?
2
Suppose 3*y - 49 - 65 = 0. Let f = y + -26. What is the units digit of 3/(-6) - f/(-8)?
1
Suppose -99*u + 69768 = -72*u. What is the hundreds digit of u?
5
Suppose 395*z - 391*z - 340 = 0. What is the units digit of z?
5
Let k(w) = 2*w**2 + 17*w + 17 + w**2 + w**2 - 5*w**2. What is the tens digit of k(13)?
6
Let s = 3680 - 1519. What is the hundreds digit of s?
1
Suppose 23 = 3*y - 5*b, 4*y - 2*b - 5 = 7. Let p be (-15)/20*y*92. Let w = -32 - p. What is the tens digit of w?
3
Let t = -100 + 104. Suppose -779 = -t*n - l, 3*n = 4*l + 738 - 168. What is the units digit of n?
4
Suppose 2*i + 3 = 15. Let o(r) = -r + 10. Let v(m) = 6*m - 50. Let d(u) = 16*o(u) + 3*v(u). What is the units digit of d(i)?
2
Let h(r) = -r**3 + 4*r**2 - 5*r + 8. Let y be h(3). Suppose 3*q = 2*d - 240, 4*d - 160 - 312 = y*q. What is the hundreds digit of d?
1
Let p = -497 - -550. Let m = 2 - 0. Suppose -2*r - m*v + v = -47, -3*r + p = -2*v. What is the units digit of r?
1
Let f be 1/(-2)*((-10)/1 - -6). Let w = -19 - -32. Suppose -f*u + w = -69. What is the units digit of u?
1
Let s(n) = -192*n + 2. Let t = -6 + 5. Let x be s(t). Suppose q + x = 5*m, 4*q = -m + q + 42. What is the units digit of m?
9
Suppose 3*a - 2 = 4. Suppose 0 = f - 4*q + 5, a*q - 8 = -0*q. What is the tens digit of f?
1
What is the thousands digit of ((-24)/14)/(60/(-58170))?
1
Suppose -3*c + 1572 = r, -3*r - c + 2223 + 2501 = 0. Suppose 0*m - 7*m = -r. What is the tens digit of m?
2
Let n(b) = -17*b - 37. Let y be n(-8). Let a = y + 44. What is the hundreds digit of a?
1
Suppose 12*n - 4102 = -2*n. What is the hundreds digit of n?
2
Let n = 161 - -368. What is the hundreds digit of n?
5
Suppose 0 = d + 5*v - 11, 7 + 5 = 2*d + 5*v. Let p = d + 0. What is the units digit of p*2 + (24 - 11)?
5
Suppose 0 = 53*f - 51*f - 2084. What is the units digit of f?
2
Let s = 35 - 126. Let y = 105 + s. What is the tens digit of y?
1
Let t(h) = -5*h - 3. Let p be t(-3). Let u = 18 - p. What is the units digit of 224/u - (-4)/(-12)?
7
Let j(s) = 3*s + 11*s - 3*s + 5. Let i be j(-3). What is the units digit of 27/(-6)*i/3?
2
Let m be ((-35)/20)/((-3)/(-24)). What is the units digit of 18/42 + (-358)/m?
6
Let s(n) = n**3 + 10*n**2 - 20*n + 17. What is the tens digit of s(-9)?
7
Let t = 10 + -17. What is the units digit of t/(7/(-58)) + -1?
7
Let i(z) = 4*z**2 + 3*z - 2. Let l be (-9)/(-21) + (-8)/(-14). Let t be i(l). Let c = 13 - t. What is the units digit of c?
8
What is the hundreds digit of (-197662)/(-69) - (21/(-9) + 3)?
8
Let w(i) = 7*i. Let k(d) be the third derivative of d**6/120 + d**5/6 - 7*d**4/12 - 23*d**3/6 + 12*d**2. Let y be k(-11). What is the units digit of w(y)?
0
Suppose -38928 = -32*j - 8432. What is the units digit of j?
3
What is the tens digit of (-135 - -2319) + (-4 - 1)?
7
Let b(k) be the first derivative of -k**3/3 + 11*k**2/2 - 4*k - 1. Suppose n - z - 13 = 0, 3*n - 2*z + 4*z - 24 = 0. What is the units digit of b(n)?
6
Let o(u) = u**2 - 2*u + 5. Let i be (13 + -12)*(-1 - -1). Suppose i*v - v - 6 = 0. What is the units digit of o(v)?
3
What is the units digit of ((2 - 48) + -3)*-2?
8
Let g = 251 - 150. Let p = g - 60. What is the units digit of p?
1
Suppose -5*m = -3*o - 855, -m = m - 3*o - 351. What is the units digit of m?
8
Let k(j) = j - 13. Let q = 12 + 1. Let u be k(q). Suppose -s + 1 + u = 0. What is the units digit of s?
1
Let b be 9/((-36)/(-8)) - -21. Let h = b + -13. Let o = 58 - h. What is the tens digit of o?
4
Suppose -3*s = -5 - 13. Let h be ((-160)/(-15))/(2/s). Suppose -3*q - q + h = 0. What is the units digit of q?
8
Let f(b) = 1264*b**3 - 3*b**2 + 3*b - 1. What is the hundreds digit of f(1)?
2
What is the hundreds digit of 461 - -5 - (-30)/6?
4
Let a(s) = s**3 + 10*s**2 + 5*s - 11. Suppose -5 = -5*v - 45. What is the units digit of a(v)?
7
Let l be (-3)/1 - 30/(-3). Suppose 43 = 5*p - l. What is the units digit of p?
0
Suppose 0 = -b + 2. Suppose 6*j = b*j - 20. What is the tens digit of 17 + 1 - (-4 - j)?
1
Let r be 69/(-2)*4/6. Let w = 24 + r. What is the units digit of w?
1
Let t = -8 + 8. Suppose t = -4*g - 16, 4*i = -g - 3*g + 4. Suppose -i*y + 109 = -86. What is the units digit of y?
9
Let m(z) = -z - 6. Let c be m(-8). Let y(n) = n - 1 + 8 - 5*n**2 + 3*n**c + n**2. What is the units digit of y(0)?
7
Suppose m = -2*u - 6, 4*m + 3*u - 5*u = 26. Suppose m*j + 4 = 6*j. Suppose -145 = -5*y - 2*o, 2*y - 118 = -2*y - j*o. What is the tens digit of y?
2
Let t = 12 - 10. Suppose -58 = -3*a - a + 2*m, -t*a + 2*m = -30. Suppose 2*f = a - 4. What is the units digit of f?
5
Let i be (992/(-12))/8*-90. What is the tens digit of i/(-9)*2*12/(-8)?
1
Suppose 4*c - 13 = -1. Suppose 4*g - 2*a = a + 479, -3*g - c*a = -354. What is the hundreds digit of g?
1
What is the hundreds digit of (-25395)/(-60) + (-12)/(-16)?
4
Suppose -51*b + 415 + 29267 = 0. What is the units digit of b?
2
Let x = 126 - 104. What is the tens digit of x?
2
Let n be 0/(-1)*(-7)/21. Suppose 0 = j - 2*f - 201, f + n = -3. What is the tens digit of j?
9
Let s = -14 - -19. Let b be -3*(s - 4) 